). Let g be (u/6)/(18/(-243)). Calculate the highest common factor of g and 27.
9
Let x = -6 + 29. Let y = x + 0. Calculate the highest common divisor of 46 and y.
23
Let m(q) = 15*q + 18. Let l be m(9). Calculate the highest common factor of 102 and l.
51
Let k be (-1)/(-10) + (-54)/(-60). Let l be -2 - (-25 + (2 - k)). Suppose 4*b - 42 - l = 0. Calculate the greatest common divisor of b and 24.
8
Suppose k = -0*k + 40. Let f = 113 + 167. What is the highest common divisor of k and f?
40
Let x(c) = 20*c + 42. Let f be x(10). Calculate the highest common factor of 22 and f.
22
Let k be ((-74448)/495)/((-2)/10). Calculate the highest common factor of 16 and k.
16
Let g(z) = z**2 + 10*z - 4. Let n be g(-9). Let f = n - -25. Suppose -f = -4*a - 0. Calculate the highest common factor of a and 12.
3
Let n = 5 + -3. Let a(u) = 7*u**2 - 2*u**2 - 2 + 3*u + u**2 - 3*u**2. Let j be a(n). What is the highest common factor of 112 and j?
16
Let i = 9 + 76. Suppose 4*q + 9 + 15 = 0. Let n be 8/q*(-153)/6. What is the greatest common factor of n and i?
17
Let b(t) = 29*t**2 + 68*t + 6. Let z be b(-3). What is the greatest common factor of z and 18?
9
Let i(s) = 7*s**2 + 53*s - 347. Let g be i(8). Calculate the greatest common factor of 420 and g.
105
Suppose 23*s + 1470 = 33*s. Calculate the greatest common factor of 7 and s.
7
Let y = -1 - 1. Let p be 7*-1*(1 + y). Suppose -31*o + 48 + 1688 = 0. What is the highest common factor of o and p?
7
Suppose 29 = -5*u + 94. Let o = u - 11. Suppose 5*w + o*s - 86 = 0, -5*s - 92 = -5*w - 4*s. What is the highest common factor of w and 12?
6
Suppose 0 = -19*k + 93 + 344. Calculate the greatest common divisor of k and 805.
23
Suppose -2*r = 2, 0*u + r - 33 = -2*u. Suppose -4*k = -4 - 20. Suppose -l + 28 = -k. What is the highest common factor of u and l?
17
Suppose -a + 13 = -27. Suppose -4*m + 64 = -6*m. Let u = m + 48. Calculate the greatest common divisor of u and a.
8
Let i be (-2)/(-11) - (-62)/22. Suppose 59 = 5*x + d, -39 = -i*x + 3*d - 0. Calculate the greatest common divisor of x and 180.
12
Let w = 6 + -3. Let m be -4 + w + 1 + 3. Let c be m/18*-22*-21. What is the greatest common divisor of c and 7?
7
Suppose -7*s = -5*s - 96. What is the greatest common factor of 24 and s?
24
Let y be (-30)/(-8) - 2/(-8). Let l(m) be the first derivative of -m**2/2 + 6*m + 14. Let c be l(y). Calculate the highest common factor of 4 and c.
2
Let c be (-4)/(-18) + (-1430)/(-45). Suppose 7*v = 4*v + 2*z + c, -5*z = v - 5. Calculate the greatest common divisor of v and 30.
10
Let i(z) = 5*z**2 - 2*z - 3. Let w be i(-2). Let r be ((-18)/27)/(2/w). Let u = -5 - r. What is the greatest common factor of u and 1?
1
Let f(b) = b + 46. Let q be f(-19). Calculate the greatest common divisor of 126 and q.
9
Let f = 92 - 74. What is the greatest common factor of 36 and f?
18
Let f(i) = i**2 - 12*i - 81. Let y be f(17). Let x(k) = 20*k**2 - k - 1. Let s be x(-1). What is the highest common factor of s and y?
4
Let h be (2 + (-14)/6)/(12/(-828)). Let s(b) = 32*b - 35. Let v be s(9). What is the highest common divisor of v and h?
23
Let l be 60/(3 + -1) - -1. Suppose 0*w + 2*w = -2*w. Suppose w*m + p - 339 = -m, 3*m - 4*p = 1031. Calculate the highest common divisor of l and m.
31
Suppose 0 = 5*l - 11 + 1. Let k be 42 - (l - (1 - 1)). Suppose 950 = 12*d + 83*d. Calculate the highest common divisor of d and k.
10
Suppose 3*o - v + 22 = 0, -o - 1 + 3 = -5*v. Let z be (-28)/o - 1/2. Calculate the greatest common divisor of 2 and z.
1
Let m(a) = 2*a**3 - 13*a**2 + 6*a. Let u be m(6). Let c(r) = -r**3 + r + 40. Let h be c(u). Calculate the highest common divisor of h and 440.
40
Let h be (0 + -205)*((-448)/(-40))/(-7). Calculate the highest common divisor of 8 and h.
8
Suppose 92 = -12*k + 13*k. Let w = k - 60. What is the highest common factor of w and 288?
32
Let a(k) = k**2 - 12*k - 11. Let j be a(13). Suppose -w = -4*l + 3*w, w + 2 = j*l. Suppose p - 33 = -l*p. What is the greatest common divisor of p and 77?
11
Suppose 0 = -6*z + 3*z + 48. Calculate the greatest common factor of z and 2.
2
Let b(f) = 11*f**3 + 5*f**2. Let v be b(3). What is the highest common factor of 36 and v?
18
Let n(l) = 268*l - 72. Let f be n(6). Calculate the greatest common factor of f and 24.
24
Let p be 12*(76/(-16) - -5). Let b be (72/28)/p*21. What is the highest common divisor of b and 12?
6
Suppose -2*g + 165 = -3*v, -v - 10 = -3*v. Let a = -5 + 65. What is the greatest common divisor of g and a?
30
Let v be ((-6)/15)/((-15)/375). Calculate the highest common divisor of 170 and v.
10
Let w be (-3 + 27/6)*-24. Let x be 24/w + 338/3. What is the greatest common divisor of 7 and x?
7
Let a be (1 - 2) + (0 - -1) + 20. Let s(y) = -y**2 - 8*y + 4. Let v be s(-8). Calculate the greatest common divisor of v and a.
4
Suppose 0 = -19*i + 4649 + 2400. What is the highest common factor of i and 7?
7
Suppose 5*f + 5*h = 15, -5*h + 3 = 2*f + 6. Calculate the greatest common factor of f and 48.
6
Suppose 4*i + 8 = 3*l - 16, 0 = 4*l + i - 13. Let w be (42/l)/(33/88). What is the highest common divisor of w and 112?
28
Let a = -214 + 221. What is the highest common divisor of a and 28?
7
Let q be (12/(-16))/(81/(-9288)). Calculate the greatest common factor of q and 559.
43
Suppose 0 = -3*i + 3*w + 3930, -2*w = 5*i - 8886 + 2329. Calculate the greatest common factor of i and 138.
69
Suppose -b + 826 = -2045. Calculate the highest common divisor of 87 and b.
87
Let q(z) = -7*z + 5. Let s be q(-7). Let n = -25 + s. Let c = n - 9. What is the highest common factor of 80 and c?
20
Let i be (99/(-66))/(2*1/(-52)). Calculate the greatest common factor of i and 13.
13
Let d = 15 - 12. Suppose 85 = -d*v + 8*v. What is the greatest common factor of v and 51?
17
Let h(d) = -d**3 + 11*d**2 - 7*d + 28. Let f be h(10). What is the highest common divisor of 174 and f?
58
Let h be (-1 + (-7)/(-5))/(76/7980). What is the greatest common divisor of 861 and h?
21
Let s be 2/((-18)/(-345))*3. Let f be ((-20)/8 + 1)/(3/(-92)). What is the greatest common divisor of f and s?
23
Let f be 44/(-16)*-2*2. Suppose 5*a + 3*i = 194, i + 2*i + 6 = 0. Let c be ((-48)/a)/((-6)/220). Calculate the greatest common divisor of f and c.
11
Suppose -54*v = -50*v - 440. What is the greatest common divisor of 22 and v?
22
Suppose -2759 = -12*p + 13. What is the highest common factor of 539 and p?
77
Let j be 2/5*975/(-15). Let p be (j/4)/(2/(-12)). Calculate the highest common divisor of p and 78.
39
Let y(l) = -25*l + 84. Let g be y(3). Suppose 5*t - 1 - 4 = 0, 0 = 3*o - t - 2. What is the greatest common factor of g and o?
1
Let n(c) = -47*c + 117. Let b be n(-6). What is the greatest common divisor of 21 and b?
21
Let c be (-5)/(-20) + ((-591)/12 - 1). Let z = c + 152. Calculate the greatest common factor of z and 68.
34
Let x = 14 - 12. Suppose -18 + x = -4*c. Let y be (-30)/70 + 622/14. What is the highest common divisor of c and y?
4
Suppose -2083 = -5*f - 1808. What is the highest common divisor of 1760 and f?
55
Let a = -153 + 329. What is the highest common factor of 44 and a?
44
Let d(n) = -18*n + 177. Let i be d(9). What is the highest common factor of 9 and i?
3
Let z(n) = 6*n**2 + 5*n - 4. Let r be z(-2). Calculate the highest common factor of 65 and r.
5
Suppose 6 = 2*f - 36. Calculate the greatest common divisor of 12 and f.
3
Let b(a) = -a**2 - 10*a + 5. Let m be b(0). Let g = 3 - 2. What is the greatest common divisor of g and m?
1
Let d(i) = -3*i**3 - 2*i**2 + 6*i + 5. Let t be d(-2). Calculate the highest common factor of 3 and t.
3
Let j = 27 + -50. Suppose 4*i + 0*n = -2*n - 186, 0 = 2*i + 2*n + 88. Let d = j - i. What is the highest common divisor of 39 and d?
13
Let x(w) = -w**2 - 10*w - 2. Let r be x(-6). Let u = -8 + r. Let v = 46 - -24. Calculate the greatest common factor of v and u.
14
Let m = 33 - 33. Suppose m = -4*k + 25 + 103. Calculate the greatest common factor of k and 32.
32
Let q(x) = -6*x**3 - 2*x + 50. Let k be q(-5). What is the highest common factor of k and 162?
162
Suppose 18 + 27 = 15*r. Suppose -3*o + 0*o = -9. Suppose -2*z + 49 = 5*a, -4*z + 9 + 54 = o*a. What is the greatest common factor of z and r?
3
Let d = 46 - -54. What is the highest common divisor of d and 